/w + 2. What is the greatest common factor of 50 and j?
10
Let a be (30/(-4))/(-5)*20. Calculate the greatest common factor of a and 45.
15
Let i be 40/(-6)*(-2 + 336/(-30)). What is the highest common factor of 11 and i?
11
Suppose 3*w + 8 = 17. Let z = 37 - 13. What is the greatest common divisor of w and z?
3
Let c be -3*(-417)/9 + (1 - -3). What is the highest common divisor of 26 and c?
13
Suppose 0*y - y = 3*s - 18, 2*y + 18 = 3*s. Calculate the highest common factor of s and 24.
6
Let y = 0 - -1. Suppose 6*l - 16*l + 30 = 0. What is the greatest common factor of l and y?
1
Let d(n) = -n + 24. Let k(x) be the first derivative of x**2/2 + x + 1. Let s be k(-1). Let m be d(s). Calculate the greatest common factor of 12 and m.
12
Let c(l) = l**3 + 6*l**2 - 8*l - 2. Let d be c(-7). Suppose 0 = 3*u - 2*v - 20, 3*v + 4 = u - d. What is the greatest common factor of u and 36?
6
Let h = -32 + 61. Suppose j - h = -8. Calculate the highest common factor of 3 and j.
3
Suppose 2*m - 2*l + 97 = -l, 4*m = -3*l - 219. Let g = m + 99. What is the highest common divisor of 6 and g?
6
Let u = 125 - 101. Calculate the greatest common divisor of u and 8.
8
Let x be (80/24)/(2/18). What is the greatest common divisor of x and 195?
15
Let b be -2*(-1 + -6 + 2). Let s be (-544)/(-7) - (-10)/35. Let z = s + -8. Calculate the greatest common factor of b and z.
10
Let x(m) = -5*m - 5. Let r be x(-5). Let n be 8/r*(30 - 0). Calculate the greatest common factor of n and 36.
12
Suppose -t + 517 = 3*d, -4*d + 6*d + 3*t - 354 = 0. Suppose -f - 8*o + d = -4*o, -5*o + 171 = f. What is the greatest common divisor of f and 19?
19
Let u be 3/2*(-12)/(-9). Calculate the highest common divisor of 12 and u.
2
Suppose 0*h + 2*h = 26. Let t be (-1)/((4 + 0)/(-468)). Calculate the highest common divisor of t and h.
13
Let h be 88/5 - (-2)/5. Let f be (-3 - 10/(-4))*60. Let w be (f/h)/(2/(-66)). What is the greatest common divisor of w and 5?
5
Suppose z = 6*z. Suppose z = q + 3*l - 25, 4*l + 5 = 2*q - 5. What is the highest common divisor of 91 and q?
13
Let r(f) = -f**2 - 14*f - 1. Let k be r(-13). Calculate the highest common factor of 6 and k.
6
Let n(r) = r**3 + 11*r**2 - 12*r + 9. Let g be n(-12). Let i(d) = -d**3 - 4*d**2 + 6*d + 6. Let k be i(-5). What is the highest common divisor of g and k?
1
Let u(v) = -2 + 0*v + 0 - 2*v. Let y = -13 + 10. Let g be u(y). Calculate the greatest common factor of g and 4.
4
Suppose 4*k - 7*k + 702 = 0. What is the greatest common factor of k and 26?
26
Let s = 0 - -3. Suppose 0 = 5*u - 2*k - 6, k + 12 = 4*u + s*k. Suppose i = 4, -i + 140 = u*q + i. What is the highest common factor of 6 and q?
6
Let l = 131 + -98. What is the greatest common divisor of l and 22?
11
Let a(s) = 11*s + 9. Let d(i) = -7*i - 6. Let v(u) = -5*a(u) - 8*d(u). Let f be v(6). What is the highest common factor of f and 6?
3
Let f be -2 + 8 + 3/(-1). Suppose 0 = -x - 5*s + 27, 0*x + 3*s + f = x. Calculate the greatest common divisor of 108 and x.
12
Let t(u) = 4*u**2 + 2. Let w be t(2). What is the highest common divisor of 72 and w?
18
Suppose 0 = -3*a - 22 + 82. Calculate the greatest common divisor of 5 and a.
5
Let p be (-1)/(2 - (-340)/(-168)). Suppose 0 = 3*u + 5*x - 69, 5*x = -2*u + 4*u - 71. What is the highest common divisor of p and u?
14
Suppose f = 10*f - 468. Calculate the greatest common divisor of 13 and f.
13
Let h = 14 - 11. Let o(j) = 15*j**2. Let m be o(-1). What is the highest common factor of m and h?
3
Suppose -4*j + 0*j = 2*r - 26, j + 1 = 2*r. Let v = 55 - 34. Suppose 0*q - v = -r*q. What is the greatest common factor of q and 49?
7
Suppose 2*f - 26 = 58. Suppose v - f = 84. What is the highest common factor of v and 18?
18
Suppose 6*i = 5*i + 4. Calculate the highest common divisor of i and 8.
4
Let m be (40/(-16))/(1/(-2)). Let q(x) = -x**2 + 2*x + 45. Let z be q(0). Calculate the highest common divisor of m and z.
5
Suppose -2*v = v - 12. Let x be 545/v + 1/(-4). What is the highest common factor of 17 and x?
17
Let u = 70 - 68. Let i = -9 - -13. What is the highest common divisor of u and i?
2
Let o(g) = g**3 - 14*g**2 + 29*g - 24. Let q be o(12). Calculate the greatest common factor of 96 and q.
12
Let a = 2 - -10. Calculate the highest common factor of 12 and a.
12
Let q(g) = -742*g**2. Let b be q(-1). Let u be b/(-21) - (-8)/(-6). Calculate the greatest common factor of u and 17.
17
Suppose 5*b + 5*u = 15, -4*b - 6 = u - 15. Suppose 0 = -b*i + 3*i - 68. Suppose 28 = -2*l + i. Calculate the greatest common factor of 20 and l.
20
Let a(v) = 2*v + 17. Let f be a(-8). Suppose -5*g - 18 + 4 = -b, -g - 6 = -b. What is the greatest common factor of f and b?
1
Let v(b) = -2*b - 1. Let x be v(-2). Suppose 4*j = -x*m - 0*m + 47, 5*j - 5*m = 85. Calculate the greatest common divisor of j and 35.
7
Let i be 2/(-6) + (-35)/21. Let s be ((-20)/25)/(i/15). What is the highest common divisor of 15 and s?
3
Suppose 0 = -3*f + 74 + 250. What is the greatest common factor of f and 12?
12
Let r be 51/6 + (-3)/6. Let p = -2 + 2. Suppose p*h + 38 = 4*h + 5*j, 0 = h - 5*j - 22. What is the highest common factor of r and h?
4
Suppose 2*s + 0*d + d - 9 = 0, -5*s + 25 = 3*d. What is the highest common factor of s and 22?
2
Let z(v) = v**2 + 4*v - 4. Let u be z(-6). Let g(j) = j**2 + 10*j + 7. Let h be g(-8). Let w = 13 + h. What is the greatest common factor of u and w?
4
Suppose -6*m = 4*m - 40. What is the highest common divisor of m and 44?
4
Suppose 0 = -3*v + p + 81, 3*v - v + 3*p = 43. What is the greatest common factor of 65 and v?
13
Let t(q) = -3*q - 2. Let v = -16 + 10. Let h be t(v). What is the highest common divisor of h and 48?
16
Suppose -4*u = -r - 12, 2*r = -2*r - 4*u + 32. Suppose -2*i = -j, -3*j - r*i = -11 - 29. Calculate the highest common factor of 16 and j.
8
Let p = 87 + -84. Let o = 20 - 12. Suppose 0*b - 4*b = -4*d, 0 = -5*d + p*b + o. What is the highest common factor of 8 and d?
4
Suppose 5*r = -5*k - 6 + 26, 3*r = -5*k + 16. Suppose -k*z = -6*z + 20. Calculate the highest common factor of z and 10.
5
Let g be (-3)/(-2)*4/(-6). Let q(w) = -w**2 + 1. Let t be q(-4). Let s be ((-50)/t)/(g/(-3)). Calculate the highest common divisor of s and 10.
10
Suppose 1 = -3*s - 2. Let h be -1 - (0 + 4)/s. What is the greatest common factor of h and 27?
3
Suppose 16 = 5*x - 24. Let t(c) = c**2 - 6*c - 11. Let k be t(x). Calculate the greatest common factor of k and 15.
5
Let p(m) = m**2 - 4. Let r be p(-7). Let i be (-714)/(-78) - 6/39. Calculate the highest common divisor of i and r.
9
Let l(o) = -11*o + 2. Let x be l(-8). What is the greatest common factor of 10 and x?
10
Suppose 4*i + 123 = 3*x, 5*x + 0*x + 4*i = 205. Suppose 91 + x = 4*w. Suppose -2*t - 44 = -4*t. Calculate the highest common factor of t and w.
11
Let s be (-8)/(-3)*18/4. Let w(m) = 4*m - 4. Let q be w(7). Calculate the highest common divisor of q and s.
12
Let g(u) = 6*u**3 - u. Let y be g(1). Let n = -4 - -20. Suppose 2*v = -n + 46. Calculate the highest common divisor of y and v.
5
Suppose -q - 2 = -3. Let f be -9*q/(-1)*1. Suppose -3*b + 24 + 57 = 0. What is the highest common divisor of b and f?
9
Suppose 38 = 5*d + 2*h - 66, 3*d = 4*h + 52. Calculate the greatest common divisor of 80 and d.
20
Let s be (-6)/(-15) - (-531)/(-15). Let d(k) = -k**3 - 5*k**2 + 7*k + 5. Let t be d(-6). Let h be t/(-2) - s/2. What is the greatest common divisor of 54 and h?
18
Suppose s + 3*w + 6 = 0, -2*w = -7*w + 15. Let i = 23 + s. Calculate the highest common factor of i and 1.
1
Suppose 0*z = 4*z - 232. Suppose 2*w + 87 = 5*w. Calculate the greatest common factor of z and w.
29
Let t be 1/2*(-11 + 13). What is the greatest common divisor of t and 11?
1
Let s = -19 - -39. Let k be s/(1 - -3) + 2. What is the highest common divisor of k and 21?
7
Let q(r) = 11*r + 4. Let v be q(7). Suppose -12 = -3*w - 3*t, 4*w + 15 - 61 = 2*t. What is the greatest common divisor of w and v?
9
Suppose -187 = -8*s - 27. What is the highest common divisor of s and 15?
5
Suppose 4*i = -4*a - i + 2, 5*i = -5*a + 5. Let d = 33 - 30. What is the highest common factor of a and d?
3
Suppose 12*x - 570 = -90. What is the highest common factor of x and 8?
8
Let q = 14 + 5. Suppose -3*a = -d + 18, -2*a = 2*a - d +